{"id":1432,"date":"2018-09-18T09:04:04","date_gmt":"2018-09-18T09:04:04","guid":{"rendered":"https:\/\/juanbranding.com\/?page_id=1432"},"modified":"2024-04-10T18:17:51","modified_gmt":"2024-04-10T18:17:51","slug":"testimonials","status":"publish","type":"page","link":"https:\/\/juanbranding.com\/?page_id=1432","title":{"rendered":"Testimonials"},"content":{"rendered":"\t\t<div data-elementor-type=\"wp-post\" data-elementor-id=\"1432\" class=\"elementor elementor-1432\">\n\t\t\t\t\t\t\t\t\t<section class=\"elementor-section elementor-top-section elementor-element elementor-element-10841a54 elementor-section-content-middle elementor-section-boxed elementor-section-height-default elementor-section-height-default\" data-id=\"10841a54\" data-element_type=\"section\" data-settings=\"{&quot;background_background&quot;:&quot;classic&quot;}\">\n\t\t\t\t\t\t\t<div class=\"elementor-background-overlay\"><\/div>\n\t\t\t\t\t\t\t<div class=\"elementor-container elementor-column-gap-no\">\n\t\t\t\t\t<div class=\"elementor-column elementor-col-100 elementor-top-column elementor-element elementor-element-432e85a1\" data-id=\"432e85a1\" data-element_type=\"column\">\n\t\t\t<div class=\"elementor-widget-wrap elementor-element-populated\">\n\t\t\t\t\t\t\t\t<div class=\"elementor-element elementor-element-43e2560c elementor-widget elementor-widget-text-editor\" data-id=\"43e2560c\" data-element_type=\"widget\" data-widget_type=\"text-editor.default\">\n\t\t\t\t<div class=\"elementor-widget-container\">\n\t\t\t<style>\/*! elementor - v3.13.3 - 28-05-2023 *\/\n.elementor-widget-text-editor.elementor-drop-cap-view-stacked .elementor-drop-cap{background-color:#69727d;color:#fff}.elementor-widget-text-editor.elementor-drop-cap-view-framed .elementor-drop-cap{color:#69727d;border:3px solid;background-color:transparent}.elementor-widget-text-editor:not(.elementor-drop-cap-view-default) .elementor-drop-cap{margin-top:8px}.elementor-widget-text-editor:not(.elementor-drop-cap-view-default) .elementor-drop-cap-letter{width:1em;height:1em}.elementor-widget-text-editor .elementor-drop-cap{float:left;text-align:center;line-height:1;font-size:50px}.elementor-widget-text-editor .elementor-drop-cap-letter{display:inline-block}<\/style>\t\t\t\t\t\t\t\t\t\t<\/div>\n\t\t\t\t<\/div>\n\t\t\t\t\t<\/div>\n\t\t<\/div>\n\t\t\t\t\t\t\t<\/div>\n\t\t<\/section>\n\t\t\t\t<section class=\"elementor-section elementor-top-section elementor-element elementor-element-0863159 elementor-section-boxed elementor-section-height-default elementor-section-height-default\" data-id=\"0863159\" data-element_type=\"section\">\n\t\t\t\t\t\t<div class=\"elementor-container elementor-column-gap-default\">\n\t\t\t\t\t<div class=\"elementor-column elementor-col-100 elementor-top-column elementor-element elementor-element-f4d059d\" data-id=\"f4d059d\" data-element_type=\"column\">\n\t\t\t<div class=\"elementor-widget-wrap elementor-element-populated\">\n\t\t\t\t\t\t\t\t<div class=\"elementor-element elementor-element-7061eec elementor-widget elementor-widget-heading\" data-id=\"7061eec\" data-element_type=\"widget\" data-widget_type=\"heading.default\">\n\t\t\t\t<div class=\"elementor-widget-container\">\n\t\t\t<style>\/*! elementor - v3.13.3 - 28-05-2023 *\/\n.elementor-heading-title{padding:0;margin:0;line-height:1}.elementor-widget-heading .elementor-heading-title[class*=elementor-size-]>a{color:inherit;font-size:inherit;line-height:inherit}.elementor-widget-heading .elementor-heading-title.elementor-size-small{font-size:15px}.elementor-widget-heading .elementor-heading-title.elementor-size-medium{font-size:19px}.elementor-widget-heading .elementor-heading-title.elementor-size-large{font-size:29px}.elementor-widget-heading .elementor-heading-title.elementor-size-xl{font-size:39px}.elementor-widget-heading .elementor-heading-title.elementor-size-xxl{font-size:59px}<\/style><h2 class=\"elementor-heading-title elementor-size-default\">Gracias por la confianza<\/h2>\t\t<\/div>\n\t\t\t\t<\/div>\n\t\t\t\t<div class=\"elementor-element elementor-element-8adfd4e elementor-widget elementor-widget-text-editor\" data-id=\"8adfd4e\" data-element_type=\"widget\" data-widget_type=\"text-editor.default\">\n\t\t\t\t<div class=\"elementor-widget-container\">\n\t\t\t\t\t\t\t<p><span style=\"font-weight: 400;\">Solo quiero agradecer a todas las personas que han confiado en m\u00ed para llevar a acabo su proyecto.<\/span><\/p><p><span style=\"font-weight: 400;\">Es muy satisfactorio recibir un gracias por el trabajo realizado, pero m\u00e1s satisfactorio ha sido poder ayudar a cada persona que inicia un nuevo desaf\u00edo, con cada proyecto que inician.<\/span><\/p><p><span style=\"font-weight: 400;\">He sido muy afortunado porque algunas personas que se han acercado como clientes he llegado a construir una amistad.<\/span><\/p><p><span style=\"font-weight: 400;\">Gracias porque ustedes han hecho que mejore d\u00eda con d\u00eda. Gracias!!!!<\/span><\/p><p>.<\/p>\t\t\t\t\t\t<\/div>\n\t\t\t\t<\/div>\n\t\t\t\t\t<\/div>\n\t\t<\/div>\n\t\t\t\t\t\t\t<\/div>\n\t\t<\/section>\n\t\t\t\t<section class=\"elementor-section elementor-top-section elementor-element elementor-element-19309d7 elementor-section-boxed elementor-section-height-default elementor-section-height-default\" data-id=\"19309d7\" data-element_type=\"section\">\n\t\t\t\t\t\t<div class=\"elementor-container elementor-column-gap-default\">\n\t\t\t\t\t<div class=\"elementor-column elementor-col-25 elementor-top-column elementor-element elementor-element-34caf82\" data-id=\"34caf82\" data-element_type=\"column\">\n\t\t\t<div class=\"elementor-widget-wrap elementor-element-populated\">\n\t\t\t\t\t\t\t\t<div class=\"elementor-element elementor-element-341a0cc elementor-widget elementor-widget-image\" data-id=\"341a0cc\" data-element_type=\"widget\" data-widget_type=\"image.default\">\n\t\t\t\t<div class=\"elementor-widget-container\">\n\t\t\t<style>\/*! elementor - v3.13.3 - 28-05-2023 *\/\n.elementor-widget-image{text-align:center}.elementor-widget-image a{display:inline-block}.elementor-widget-image a img[src$=\".svg\"]{width:48px}.elementor-widget-image img{vertical-align:middle;display:inline-block}<\/style>\t\t\t\t\t\t\t\t\t\t\t\t\t<a href=\"https:\/\/www.instagram.com\/anamarhowes2022\/\">\n\t\t\t\t\t\t\t<img loading=\"lazy\" decoding=\"async\" width=\"500\" height=\"500\" src=\"https:\/\/juanbranding.com\/wp-content\/uploads\/2023\/06\/Ana.png\" class=\"attachment-large size-large wp-image-1828\" alt=\"\" srcset=\"https:\/\/juanbranding.com\/wp-content\/uploads\/2023\/06\/Ana.png 500w, https:\/\/juanbranding.com\/wp-content\/uploads\/2023\/06\/Ana-300x300.png 300w, https:\/\/juanbranding.com\/wp-content\/uploads\/2023\/06\/Ana-150x150.png 150w\" sizes=\"(max-width: 500px) 100vw, 500px\" \/>\t\t\t\t\t\t\t\t<\/a>\n\t\t\t\t\t\t\t\t\t\t\t\t\t\t\t<\/div>\n\t\t\t\t<\/div>\n\t\t\t\t<div class=\"elementor-element elementor-element-696c071 elementor-widget elementor-widget-text-editor\" data-id=\"696c071\" data-element_type=\"widget\" data-widget_type=\"text-editor.default\">\n\t\t\t\t<div class=\"elementor-widget-container\">\n\t\t\t\t\t\t\t<p>Juan much\u00edsimas gracias por toda tu ayuda y tu extraordinario servicio, siempre me ayudas , en todo momento desde las etiquetas escolares para mi hijo, hasta mi p\u00e1gina en Internet , y el logo de mi emprendimiento ah y <br>Gracias tambi\u00e9n por los cursos.<\/p>\t\t\t\t\t\t<\/div>\n\t\t\t\t<\/div>\n\t\t\t\t\t<\/div>\n\t\t<\/div>\n\t\t\t\t<div class=\"elementor-column elementor-col-25 elementor-top-column elementor-element elementor-element-42ad3c9\" data-id=\"42ad3c9\" data-element_type=\"column\">\n\t\t\t<div class=\"elementor-widget-wrap elementor-element-populated\">\n\t\t\t\t\t\t\t\t<div class=\"elementor-element elementor-element-ce74dd8 elementor-widget elementor-widget-image\" data-id=\"ce74dd8\" data-element_type=\"widget\" data-widget_type=\"image.default\">\n\t\t\t\t<div class=\"elementor-widget-container\">\n\t\t\t\t\t\t\t\t\t\t\t\t\t\t\t\t<a href=\"https:\/\/www.instagram.com\/dramarilynnova\">\n\t\t\t\t\t\t\t<img loading=\"lazy\" decoding=\"async\" width=\"500\" height=\"500\" src=\"https:\/\/juanbranding.com\/wp-content\/uploads\/2023\/06\/Marilyn-1.png\" class=\"attachment-large size-large wp-image-1830\" alt=\"\" srcset=\"https:\/\/juanbranding.com\/wp-content\/uploads\/2023\/06\/Marilyn-1.png 500w, https:\/\/juanbranding.com\/wp-content\/uploads\/2023\/06\/Marilyn-1-300x300.png 300w, https:\/\/juanbranding.com\/wp-content\/uploads\/2023\/06\/Marilyn-1-150x150.png 150w\" sizes=\"(max-width: 500px) 100vw, 500px\" \/>\t\t\t\t\t\t\t\t<\/a>\n\t\t\t\t\t\t\t\t\t\t\t\t\t\t\t<\/div>\n\t\t\t\t<\/div>\n\t\t\t\t<div class=\"elementor-element elementor-element-302c47d elementor-widget elementor-widget-text-editor\" data-id=\"302c47d\" data-element_type=\"widget\" data-widget_type=\"text-editor.default\">\n\t\t\t\t<div class=\"elementor-widget-container\">\n\t\t\t\t\t\t\t<p>Excelente trabajo, siempre pendiente de todas nuestras dudas, formal y todo con la mejor calidad.<\/p>\t\t\t\t\t\t<\/div>\n\t\t\t\t<\/div>\n\t\t\t\t\t<\/div>\n\t\t<\/div>\n\t\t\t\t<div class=\"elementor-column elementor-col-25 elementor-top-column elementor-element elementor-element-bf624d2\" data-id=\"bf624d2\" data-element_type=\"column\">\n\t\t\t<div class=\"elementor-widget-wrap elementor-element-populated\">\n\t\t\t\t\t\t\t\t<div class=\"elementor-element elementor-element-3f2bf86 elementor-widget elementor-widget-image\" data-id=\"3f2bf86\" data-element_type=\"widget\" data-widget_type=\"image.default\">\n\t\t\t\t<div class=\"elementor-widget-container\">\n\t\t\t\t\t\t\t\t\t\t\t\t\t\t\t\t<a href=\"https:\/\/www.facebook.com\/profile.php?id=100064267533336\">\n\t\t\t\t\t\t\t<img loading=\"lazy\" decoding=\"async\" width=\"500\" height=\"500\" src=\"https:\/\/juanbranding.com\/wp-content\/uploads\/2023\/06\/Paula.png\" class=\"attachment-large size-large wp-image-1831\" alt=\"\" srcset=\"https:\/\/juanbranding.com\/wp-content\/uploads\/2023\/06\/Paula.png 500w, https:\/\/juanbranding.com\/wp-content\/uploads\/2023\/06\/Paula-300x300.png 300w, https:\/\/juanbranding.com\/wp-content\/uploads\/2023\/06\/Paula-150x150.png 150w\" sizes=\"(max-width: 500px) 100vw, 500px\" \/>\t\t\t\t\t\t\t\t<\/a>\n\t\t\t\t\t\t\t\t\t\t\t\t\t\t\t<\/div>\n\t\t\t\t<\/div>\n\t\t\t\t<div class=\"elementor-element elementor-element-9847002 elementor-widget elementor-widget-text-editor\" data-id=\"9847002\" data-element_type=\"widget\" data-widget_type=\"text-editor.default\">\n\t\t\t\t<div class=\"elementor-widget-container\">\n\t\t\t\t\t\t\t<p>&#8220;Tengo el placer de compartir mi experiencia con el incre\u00edble trabajo realizado por Juan Cuevas, en el dise\u00f1o de los logotipos de mi empresa. No puedo estar m\u00e1s satisfecha con el resultado y su profesionalismo a lo largo de todo el proceso.<br \/>Desde el principio Juan, demostr\u00f3 un profundo conocimiento y habilidad en el dise\u00f1o de logotipos. Escuch\u00f3 atentamente mis ideas y comprendi\u00f3 perfectamente la visi\u00f3n que ten\u00eda para mi empresa. Con una combinaci\u00f3n de creatividad y expertises logr\u00f3 capturar la esencia de mi negocio y plasmarla de manera impactante en los logotipos.<br \/>Adem\u00e1s de su talento, quiero resaltar la dedicaci\u00f3n de Juan en brindarme una excelente capacitaci\u00f3n. No solo me entreg\u00f3 los logotipos finales, sino que tambi\u00e9n me explic\u00f3 detalladamente el razonamiento detr\u00e1s de cada elemento del dise\u00f1o y c\u00f3mo podr\u00eda aprovecharlo en mi estrategia de branding. Sus recomendaciones fueron sumamente valiosas y me ayudaron a mejorar significativamente la imagen corporativa de mi empresa.<br \/>La comunicaci\u00f3n con Juan fue fluida y eficiente en todo momento. Siempre estuvo dispuesto a escuchar mis inquietudes y responder a mis preguntas, lo que gener\u00f3 un ambiente de confianza y colaboraci\u00f3n. Su profesionalismo, puntualidad y compromiso con la calidad son admirables.<br \/>En resumen, recomendar\u00eda ampliamente a Juan a cualquiera que est\u00e9 buscando un experto en dise\u00f1o de logotipos y branding. Su talento, creatividad y habilidad para comprender las necesidades del cliente son sobresalientes. Estoy m\u00e1s que satisfecho con los resultados y agradezco profundamente el impacto positivo que ha tenido en mi empresa.<br \/>Gracias a Juan, mi empresa cuenta ahora con una imagen corporativa s\u00f3lida y memorable. Sin duda, su trabajo ha sido fundamental para destacar en el mercado y transmitir los valores de mi marca de manera efectiva. \u00a1No podr\u00eda estar m\u00e1s complacido con su labor!&#8221;<br \/>Agradezco tu atenci\u00f3n y paciencia en el proceso, estoy segura que mantendremos una alianza de trabajo profesional por mucho tiempo.<\/p>\t\t\t\t\t\t<\/div>\n\t\t\t\t<\/div>\n\t\t\t\t\t<\/div>\n\t\t<\/div>\n\t\t\t\t<div class=\"elementor-column elementor-col-25 elementor-top-column elementor-element elementor-element-411b387\" data-id=\"411b387\" data-element_type=\"column\">\n\t\t\t<div class=\"elementor-widget-wrap elementor-element-populated\">\n\t\t\t\t\t\t\t\t<div class=\"elementor-element elementor-element-70cdf7a elementor-widget elementor-widget-image\" data-id=\"70cdf7a\" data-element_type=\"widget\" data-widget_type=\"image.default\">\n\t\t\t\t<div class=\"elementor-widget-container\">\n\t\t\t\t\t\t\t\t\t\t\t\t\t\t\t\t<a href=\"https:\/\/www.instagram.com\/spabahisht_nancy\/\">\n\t\t\t\t\t\t\t<img loading=\"lazy\" decoding=\"async\" width=\"500\" height=\"500\" src=\"https:\/\/juanbranding.com\/wp-content\/uploads\/2023\/06\/Nancy2.png\" class=\"attachment-large size-large wp-image-1832\" alt=\"\" srcset=\"https:\/\/juanbranding.com\/wp-content\/uploads\/2023\/06\/Nancy2.png 500w, https:\/\/juanbranding.com\/wp-content\/uploads\/2023\/06\/Nancy2-300x300.png 300w, https:\/\/juanbranding.com\/wp-content\/uploads\/2023\/06\/Nancy2-150x150.png 150w\" sizes=\"(max-width: 500px) 100vw, 500px\" \/>\t\t\t\t\t\t\t\t<\/a>\n\t\t\t\t\t\t\t\t\t\t\t\t\t\t\t<\/div>\n\t\t\t\t<\/div>\n\t\t\t\t<div class=\"elementor-element elementor-element-7c7ffab elementor-widget elementor-widget-text-editor\" data-id=\"7c7ffab\" data-element_type=\"widget\" data-widget_type=\"text-editor.default\">\n\t\t\t\t<div class=\"elementor-widget-container\">\n\t\t\t\t\t\t\t<p>Recomiendo ampliamente a Juan por su trabajo , tuve muy buenos resultados en mi negocio , muy buen trabajo , gracias.<\/p>\t\t\t\t\t\t<\/div>\n\t\t\t\t<\/div>\n\t\t\t\t\t<\/div>\n\t\t<\/div>\n\t\t\t\t\t\t\t<\/div>\n\t\t<\/section>\n\t\t\t\t<section class=\"elementor-section elementor-top-section elementor-element elementor-element-46779b9 elementor-section-boxed elementor-section-height-default elementor-section-height-default\" data-id=\"46779b9\" data-element_type=\"section\">\n\t\t\t\t\t\t<div class=\"elementor-container elementor-column-gap-default\">\n\t\t\t\t\t<div class=\"elementor-column elementor-col-25 elementor-top-column elementor-element elementor-element-d47c61b\" data-id=\"d47c61b\" data-element_type=\"column\">\n\t\t\t<div class=\"elementor-widget-wrap elementor-element-populated\">\n\t\t\t\t\t\t\t\t<div class=\"elementor-element elementor-element-d267134 elementor-widget elementor-widget-image\" data-id=\"d267134\" data-element_type=\"widget\" data-widget_type=\"image.default\">\n\t\t\t\t<div class=\"elementor-widget-container\">\n\t\t\t\t\t\t\t\t\t\t\t\t\t\t\t\t<a href=\"https:\/\/www.facebook.com\/profile.php?id=100093249415159\">\n\t\t\t\t\t\t\t<img loading=\"lazy\" decoding=\"async\" width=\"500\" height=\"500\" src=\"https:\/\/juanbranding.com\/wp-content\/uploads\/2023\/06\/zayra.png\" class=\"attachment-large size-large wp-image-1855\" alt=\"\" srcset=\"https:\/\/juanbranding.com\/wp-content\/uploads\/2023\/06\/zayra.png 500w, https:\/\/juanbranding.com\/wp-content\/uploads\/2023\/06\/zayra-300x300.png 300w, https:\/\/juanbranding.com\/wp-content\/uploads\/2023\/06\/zayra-150x150.png 150w\" sizes=\"(max-width: 500px) 100vw, 500px\" \/>\t\t\t\t\t\t\t\t<\/a>\n\t\t\t\t\t\t\t\t\t\t\t\t\t\t\t<\/div>\n\t\t\t\t<\/div>\n\t\t\t\t<div class=\"elementor-element elementor-element-59432f3 elementor-widget elementor-widget-text-editor\" data-id=\"59432f3\" data-element_type=\"widget\" data-widget_type=\"text-editor.default\">\n\t\t\t\t<div class=\"elementor-widget-container\">\n\t\t\t\t\t\t\t<p><span style=\"vertical-align: inherit;\"><span style=\"vertical-align: inherit;\"><span style=\"vertical-align: inherit;\"><span style=\"vertical-align: inherit;\"><span style=\"vertical-align: inherit;\"><span style=\"vertical-align: inherit;\"><span style=\"vertical-align: inherit;\"><span style=\"vertical-align: inherit;\">Agradezco a Juan por su apoyo y ense\u00f1anza al crear mi propia imagen y logo Kham realmente fue un servicio de gran calidad desde la explicaci\u00f3n del logo de los colores la explicaci\u00f3n del nombre y toda su ense\u00f1anza en la ayuda de como crear contenido me sent\u00ed muy apoyada ..gracias.<\/span><\/span><\/span><\/span><\/span><\/span><\/span><\/span><\/p>\t\t\t\t\t\t<\/div>\n\t\t\t\t<\/div>\n\t\t\t\t\t<\/div>\n\t\t<\/div>\n\t\t\t\t<div class=\"elementor-column elementor-col-25 elementor-top-column elementor-element elementor-element-5bdffb1\" data-id=\"5bdffb1\" data-element_type=\"column\">\n\t\t\t<div class=\"elementor-widget-wrap elementor-element-populated\">\n\t\t\t\t\t\t\t\t<div class=\"elementor-element elementor-element-fd0cbb7 elementor-widget elementor-widget-image\" data-id=\"fd0cbb7\" data-element_type=\"widget\" data-widget_type=\"image.default\">\n\t\t\t\t<div class=\"elementor-widget-container\">\n\t\t\t\t\t\t\t\t\t\t\t\t\t\t\t\t<a href=\"https:\/\/www.facebook.com\/profile.php?id=61557715211935\">\n\t\t\t\t\t\t\t<img loading=\"lazy\" decoding=\"async\" width=\"500\" height=\"500\" src=\"https:\/\/juanbranding.com\/wp-content\/uploads\/2024\/04\/Darbelia-1.png\" class=\"attachment-large size-large wp-image-1902\" alt=\"\" srcset=\"https:\/\/juanbranding.com\/wp-content\/uploads\/2024\/04\/Darbelia-1.png 500w, https:\/\/juanbranding.com\/wp-content\/uploads\/2024\/04\/Darbelia-1-300x300.png 300w, https:\/\/juanbranding.com\/wp-content\/uploads\/2024\/04\/Darbelia-1-150x150.png 150w\" sizes=\"(max-width: 500px) 100vw, 500px\" \/>\t\t\t\t\t\t\t\t<\/a>\n\t\t\t\t\t\t\t\t\t\t\t\t\t\t\t<\/div>\n\t\t\t\t<\/div>\n\t\t\t\t<div class=\"elementor-element elementor-element-31976aa elementor-widget elementor-widget-text-editor\" data-id=\"31976aa\" data-element_type=\"widget\" data-widget_type=\"text-editor.default\">\n\t\t\t\t<div class=\"elementor-widget-container\">\n\t\t\t\t\t\t\t<p><span style=\"font-weight: 400;\"><span style=\"vertical-align: inherit;\"><span style=\"vertical-align: inherit;\"><span style=\"vertical-align: inherit;\"><span style=\"vertical-align: inherit;\"><span style=\"vertical-align: inherit;\"><span style=\"vertical-align: inherit;\"><span style=\"vertical-align: inherit;\"><span style=\"vertical-align: inherit;\">&#8221; Agradezco mucho la atenci\u00f3n personalizada, el trato profesional y los resultados tanto en dise\u00f1o como en el seguimiento en branding.<\/span><\/span><\/span><\/span><\/span><\/span><\/span><\/span><\/span><\/p><p><span style=\"font-weight: 400;\"><span style=\"vertical-align: inherit;\"><span style=\"vertical-align: inherit;\"><span style=\"vertical-align: inherit;\"><span style=\"vertical-align: inherit;\"><span style=\"vertical-align: inherit;\"><span style=\"vertical-align: inherit;\"><span style=\"vertical-align: inherit;\"><span style=\"vertical-align: inherit;\">Definitivamente es la combinaci\u00f3n entre talento y empat\u00eda, lo que da por resultado una experiencia profesional inigualable&#8221;<\/span><\/span><\/span><\/span><\/span><\/span><\/span><\/span><\/span><\/p>\t\t\t\t\t\t<\/div>\n\t\t\t\t<\/div>\n\t\t\t\t\t<\/div>\n\t\t<\/div>\n\t\t\t\t<div class=\"elementor-column elementor-col-25 elementor-top-column elementor-element elementor-element-2b32f7c\" data-id=\"2b32f7c\" data-element_type=\"column\">\n\t\t\t<div class=\"elementor-widget-wrap\">\n\t\t\t\t\t\t\t\t\t<\/div>\n\t\t<\/div>\n\t\t\t\t<div class=\"elementor-column elementor-col-25 elementor-top-column elementor-element elementor-element-cc1357b\" data-id=\"cc1357b\" data-element_type=\"column\">\n\t\t\t<div class=\"elementor-widget-wrap\">\n\t\t\t\t\t\t\t\t\t<\/div>\n\t\t<\/div>\n\t\t\t\t\t\t\t<\/div>\n\t\t<\/section>\n\t\t\t\t\t\t\t<\/div>\n\t\t","protected":false},"excerpt":{"rendered":"<p>Gracias por la confianza Solo quiero agradecer a todas las personas que han confiado en m\u00ed para llevar a acabo su proyecto. Es muy satisfactorio recibir un gracias por el trabajo realizado, pero m\u00e1s satisfactorio ha sido poder ayudar a cada persona que inicia un nuevo desaf\u00edo, con cada proyecto que inician. He sido muy &hellip;<\/p>\n<p class=\"read-more\"> <a class=\"\" href=\"https:\/\/juanbranding.com\/?page_id=1432\"> <span class=\"screen-reader-text\">Testimonials<\/span> Read More &raquo;<\/a><\/p>\n","protected":false},"author":1,"featured_media":0,"parent":0,"menu_order":0,"comment_status":"closed","ping_status":"closed","template":"","meta":{"site-sidebar-layout":"no-sidebar","site-content-layout":"page-builder","ast-global-header-display":"","ast-banner-title-visibility":"","ast-main-header-display":"","ast-hfb-above-header-display":"","ast-hfb-below-header-display":"","ast-hfb-mobile-header-display":"","site-post-title":"disabled","ast-breadcrumbs-content":"","ast-featured-img":"disabled","footer-sml-layout":"","theme-transparent-header-meta":"enabled","adv-header-id-meta":"","stick-header-meta":"","header-above-stick-meta":"","header-main-stick-meta":"","header-below-stick-meta":"","footnotes":""},"class_list":["post-1432","page","type-page","status-publish","hentry"],"_links":{"self":[{"href":"https:\/\/juanbranding.com\/index.php?rest_route=\/wp\/v2\/pages\/1432"}],"collection":[{"href":"https:\/\/juanbranding.com\/index.php?rest_route=\/wp\/v2\/pages"}],"about":[{"href":"https:\/\/juanbranding.com\/index.php?rest_route=\/wp\/v2\/types\/page"}],"author":[{"embeddable":true,"href":"https:\/\/juanbranding.com\/index.php?rest_route=\/wp\/v2\/users\/1"}],"replies":[{"embeddable":true,"href":"https:\/\/juanbranding.com\/index.php?rest_route=%2Fwp%2Fv2%2Fcomments&post=1432"}],"version-history":[{"count":49,"href":"https:\/\/juanbranding.com\/index.php?rest_route=\/wp\/v2\/pages\/1432\/revisions"}],"predecessor-version":[{"id":1909,"href":"https:\/\/juanbranding.com\/index.php?rest_route=\/wp\/v2\/pages\/1432\/revisions\/1909"}],"wp:attachment":[{"href":"https:\/\/juanbranding.com\/index.php?rest_route=%2Fwp%2Fv2%2Fmedia&parent=1432"}],"curies":[{"name":"wp","href":"https:\/\/api.w.org\/{rel}","templated":true}]}}