{"id":1672,"date":"2023-06-14T03:28:54","date_gmt":"2023-06-14T03:28:54","guid":{"rendered":"https:\/\/juanbranding.com\/?page_id=1672"},"modified":"2023-06-15T20:11:07","modified_gmt":"2023-06-15T20:11:07","slug":"rodo-game","status":"publish","type":"page","link":"https:\/\/juanbranding.com\/?page_id=1672","title":{"rendered":"Rodo Game"},"content":{"rendered":"\t\t<div data-elementor-type=\"wp-page\" data-elementor-id=\"1672\" class=\"elementor elementor-1672\">\n\t\t\t\t\t\t\t\t\t<section class=\"elementor-section elementor-top-section elementor-element elementor-element-i3tubit elementor-section-boxed elementor-section-height-default elementor-section-height-default\" data-id=\"i3tubit\" data-element_type=\"section\" data-settings=\"{&quot;background_background&quot;:&quot;classic&quot;}\">\n\t\t\t\t\t\t<div class=\"elementor-container elementor-column-gap-default\">\n\t\t\t\t\t<div class=\"elementor-column elementor-col-100 elementor-top-column elementor-element elementor-element-67dd6d7\" data-id=\"67dd6d7\" data-element_type=\"column\">\n\t\t\t<div class=\"elementor-widget-wrap elementor-element-populated\">\n\t\t\t\t\t\t\t\t<div class=\"elementor-element elementor-element-62ccdbb elementor-widget elementor-widget-heading\" data-id=\"62ccdbb\" data-element_type=\"widget\" data-widget_type=\"heading.default\">\n\t\t\t\t<div class=\"elementor-widget-container\">\n\t\t\t<style>\/*! elementor - v3.13.3 - 28-05-2023 *\/\n.elementor-heading-title{padding:0;margin:0;line-height:1}.elementor-widget-heading .elementor-heading-title[class*=elementor-size-]>a{color:inherit;font-size:inherit;line-height:inherit}.elementor-widget-heading .elementor-heading-title.elementor-size-small{font-size:15px}.elementor-widget-heading .elementor-heading-title.elementor-size-medium{font-size:19px}.elementor-widget-heading .elementor-heading-title.elementor-size-large{font-size:29px}.elementor-widget-heading .elementor-heading-title.elementor-size-xl{font-size:39px}.elementor-widget-heading .elementor-heading-title.elementor-size-xxl{font-size:59px}<\/style><h2 class=\"elementor-heading-title elementor-size-default\">Dise\u00f1o de marca Rodo Game<\/h2>\t\t<\/div>\n\t\t\t\t<\/div>\n\t\t\t\t<div class=\"elementor-element elementor-element-f5edfbe elementor-widget elementor-widget-text-editor\" data-id=\"f5edfbe\" data-element_type=\"widget\" data-widget_type=\"text-editor.default\">\n\t\t\t\t<div class=\"elementor-widget-container\">\n\t\t\t<style>\/*! elementor - v3.13.3 - 28-05-2023 *\/\n.elementor-widget-text-editor.elementor-drop-cap-view-stacked .elementor-drop-cap{background-color:#69727d;color:#fff}.elementor-widget-text-editor.elementor-drop-cap-view-framed .elementor-drop-cap{color:#69727d;border:3px solid;background-color:transparent}.elementor-widget-text-editor:not(.elementor-drop-cap-view-default) .elementor-drop-cap{margin-top:8px}.elementor-widget-text-editor:not(.elementor-drop-cap-view-default) .elementor-drop-cap-letter{width:1em;height:1em}.elementor-widget-text-editor .elementor-drop-cap{float:left;text-align:center;line-height:1;font-size:50px}.elementor-widget-text-editor .elementor-drop-cap-letter{display:inline-block}<\/style>\t\t\t\t<p><span style=\"font-weight: 400;\">Rodo Game es una marca para un Joven que se dedica al streaming de videojuegos.<\/span><\/p><p><span style=\"font-weight: 400;\">Para desarrollar el proyecto nos basamos plenamente en un an\u00e1lisis tipol\u00f3gico y de contexto para realizar la marca, en dicho an\u00e1lisis concluimos que adem\u00e1s del logotipo la marca puede contar con un s\u00edmbolo, porque en el sector es muy com\u00fan usarlo, adem\u00e1s (que nuestro cliente quer\u00eda un s\u00edmbolo).<\/span><\/p><p><span style=\"font-weight: 400;\">Buscamos un elemento que firmara correctamente e identificar\u00e1 a nuestro cliente. <\/span><span style=\"font-weight: 400;\">Nuestro cliente acept\u00f3 la propuesta despu\u00e9s de una explicaci\u00f3n t\u00e9cnica.<\/span><\/p><p>\u00a0<\/p>\t\t\t\t\t\t<\/div>\n\t\t\t\t<\/div>\n\t\t\t\t<div class=\"elementor-element elementor-element-f4e2acc elementor-widget-divider--view-line elementor-widget elementor-widget-divider\" data-id=\"f4e2acc\" data-element_type=\"widget\" data-widget_type=\"divider.default\">\n\t\t\t\t<div class=\"elementor-widget-container\">\n\t\t\t<style>\/*! elementor - v3.13.3 - 28-05-2023 *\/\n.elementor-widget-divider{--divider-border-style:none;--divider-border-width:1px;--divider-color:#0c0d0e;--divider-icon-size:20px;--divider-element-spacing:10px;--divider-pattern-height:24px;--divider-pattern-size:20px;--divider-pattern-url:none;--divider-pattern-repeat:repeat-x}.elementor-widget-divider .elementor-divider{display:flex}.elementor-widget-divider .elementor-divider__text{font-size:15px;line-height:1;max-width:95%}.elementor-widget-divider .elementor-divider__element{margin:0 var(--divider-element-spacing);flex-shrink:0}.elementor-widget-divider .elementor-icon{font-size:var(--divider-icon-size)}.elementor-widget-divider .elementor-divider-separator{display:flex;margin:0;direction:ltr}.elementor-widget-divider--view-line_icon .elementor-divider-separator,.elementor-widget-divider--view-line_text .elementor-divider-separator{align-items:center}.elementor-widget-divider--view-line_icon .elementor-divider-separator:after,.elementor-widget-divider--view-line_icon .elementor-divider-separator:before,.elementor-widget-divider--view-line_text .elementor-divider-separator:after,.elementor-widget-divider--view-line_text .elementor-divider-separator:before{display:block;content:\"\";border-bottom:0;flex-grow:1;border-top:var(--divider-border-width) var(--divider-border-style) var(--divider-color)}.elementor-widget-divider--element-align-left .elementor-divider .elementor-divider-separator>.elementor-divider__svg:first-of-type{flex-grow:0;flex-shrink:100}.elementor-widget-divider--element-align-left .elementor-divider-separator:before{content:none}.elementor-widget-divider--element-align-left .elementor-divider__element{margin-left:0}.elementor-widget-divider--element-align-right .elementor-divider .elementor-divider-separator>.elementor-divider__svg:last-of-type{flex-grow:0;flex-shrink:100}.elementor-widget-divider--element-align-right .elementor-divider-separator:after{content:none}.elementor-widget-divider--element-align-right .elementor-divider__element{margin-right:0}.elementor-widget-divider:not(.elementor-widget-divider--view-line_text):not(.elementor-widget-divider--view-line_icon) .elementor-divider-separator{border-top:var(--divider-border-width) var(--divider-border-style) var(--divider-color)}.elementor-widget-divider--separator-type-pattern{--divider-border-style:none}.elementor-widget-divider--separator-type-pattern.elementor-widget-divider--view-line .elementor-divider-separator,.elementor-widget-divider--separator-type-pattern:not(.elementor-widget-divider--view-line) .elementor-divider-separator:after,.elementor-widget-divider--separator-type-pattern:not(.elementor-widget-divider--view-line) .elementor-divider-separator:before,.elementor-widget-divider--separator-type-pattern:not([class*=elementor-widget-divider--view]) .elementor-divider-separator{width:100%;min-height:var(--divider-pattern-height);-webkit-mask-size:var(--divider-pattern-size) 100%;mask-size:var(--divider-pattern-size) 100%;-webkit-mask-repeat:var(--divider-pattern-repeat);mask-repeat:var(--divider-pattern-repeat);background-color:var(--divider-color);-webkit-mask-image:var(--divider-pattern-url);mask-image:var(--divider-pattern-url)}.elementor-widget-divider--no-spacing{--divider-pattern-size:auto}.elementor-widget-divider--bg-round{--divider-pattern-repeat:round}.rtl .elementor-widget-divider .elementor-divider__text{direction:rtl}.e-con-inner>.elementor-widget-divider,.e-con>.elementor-widget-divider{width:var(--container-widget-width,100%);--flex-grow:var(--container-widget-flex-grow)}<\/style>\t\t<div class=\"elementor-divider\">\n\t\t\t<span class=\"elementor-divider-separator\">\n\t\t\t\t\t\t<\/span>\n\t\t<\/div>\n\t\t\t\t<\/div>\n\t\t\t\t<\/div>\n\t\t\t\t<div class=\"elementor-element elementor-element-dd4e6db gallery-spacing-custom elementor-widget elementor-widget-image-gallery\" data-id=\"dd4e6db\" data-element_type=\"widget\" data-widget_type=\"image-gallery.default\">\n\t\t\t\t<div class=\"elementor-widget-container\">\n\t\t\t<style>\/*! elementor - v3.13.3 - 28-05-2023 *\/\n.elementor-image-gallery .gallery-item{display:inline-block;text-align:center;vertical-align:top;width:100%;max-width:100%;margin:0 auto}.elementor-image-gallery .gallery-item img{margin:0 auto}.elementor-image-gallery .gallery-item .gallery-caption{margin:0}.elementor-image-gallery figure img{display:block}.elementor-image-gallery figure figcaption{width:100%}.gallery-spacing-custom .elementor-image-gallery .gallery-icon{padding:0}@media (min-width:768px){.elementor-image-gallery .gallery-columns-2 .gallery-item{max-width:50%}.elementor-image-gallery .gallery-columns-3 .gallery-item{max-width:33.33%}.elementor-image-gallery .gallery-columns-4 .gallery-item{max-width:25%}.elementor-image-gallery .gallery-columns-5 .gallery-item{max-width:20%}.elementor-image-gallery .gallery-columns-6 .gallery-item{max-width:16.666%}.elementor-image-gallery .gallery-columns-7 .gallery-item{max-width:14.28%}.elementor-image-gallery .gallery-columns-8 .gallery-item{max-width:12.5%}.elementor-image-gallery .gallery-columns-9 .gallery-item{max-width:11.11%}.elementor-image-gallery .gallery-columns-10 .gallery-item{max-width:10%}}@media (min-width:480px) and (max-width:767px){.elementor-image-gallery .gallery.gallery-columns-2 .gallery-item,.elementor-image-gallery .gallery.gallery-columns-3 .gallery-item,.elementor-image-gallery .gallery.gallery-columns-4 .gallery-item,.elementor-image-gallery .gallery.gallery-columns-5 .gallery-item,.elementor-image-gallery .gallery.gallery-columns-6 .gallery-item,.elementor-image-gallery .gallery.gallery-columns-7 .gallery-item,.elementor-image-gallery .gallery.gallery-columns-8 .gallery-item,.elementor-image-gallery .gallery.gallery-columns-9 .gallery-item,.elementor-image-gallery .gallery.gallery-columns-10 .gallery-item{max-width:50%}}@media (max-width:479px){.elementor-image-gallery .gallery.gallery-columns-2 .gallery-item,.elementor-image-gallery .gallery.gallery-columns-3 .gallery-item,.elementor-image-gallery .gallery.gallery-columns-4 .gallery-item,.elementor-image-gallery .gallery.gallery-columns-5 .gallery-item,.elementor-image-gallery .gallery.gallery-columns-6 .gallery-item,.elementor-image-gallery .gallery.gallery-columns-7 .gallery-item,.elementor-image-gallery .gallery.gallery-columns-8 .gallery-item,.elementor-image-gallery .gallery.gallery-columns-9 .gallery-item,.elementor-image-gallery .gallery.gallery-columns-10 .gallery-item{max-width:100%}}<\/style>\t\t<div class=\"elementor-image-gallery\">\n\t\t\t<div id='gallery-1' class='gallery galleryid-1672 gallery-columns-3 gallery-size-full'><figure class='gallery-item'>\n\t\t\t<div class='gallery-icon landscape'>\n\t\t\t\t<a data-elementor-open-lightbox=\"yes\" data-elementor-lightbox-slideshow=\"dd4e6db\" data-elementor-lightbox-title=\"rodo1\" data-e-action-hash=\"#elementor-action%3Aaction%3Dlightbox%26settings%3DeyJpZCI6MTY4NywidXJsIjoiaHR0cHM6XC9cL2p1YW5icmFuZGluZy5jb21cL3dwLWNvbnRlbnRcL3VwbG9hZHNcLzIwMjNcLzA2XC9yb2RvMS5wbmciLCJzbGlkZXNob3ciOiJkZDRlNmRiIn0%3D\" href='https:\/\/juanbranding.com\/wp-content\/uploads\/2023\/06\/rodo1.png'><img loading=\"lazy\" decoding=\"async\" width=\"600\" height=\"600\" src=\"https:\/\/juanbranding.com\/wp-content\/uploads\/2023\/06\/rodo1.png\" class=\"attachment-full size-full\" alt=\"\" srcset=\"https:\/\/juanbranding.com\/wp-content\/uploads\/2023\/06\/rodo1.png 600w, https:\/\/juanbranding.com\/wp-content\/uploads\/2023\/06\/rodo1-300x300.png 300w, https:\/\/juanbranding.com\/wp-content\/uploads\/2023\/06\/rodo1-150x150.png 150w\" sizes=\"(max-width: 600px) 100vw, 600px\" \/><\/a>\n\t\t\t<\/div><\/figure><figure class='gallery-item'>\n\t\t\t<div class='gallery-icon landscape'>\n\t\t\t\t<a data-elementor-open-lightbox=\"yes\" data-elementor-lightbox-slideshow=\"dd4e6db\" data-elementor-lightbox-title=\"rodo4\" data-e-action-hash=\"#elementor-action%3Aaction%3Dlightbox%26settings%3DeyJpZCI6MTY5MCwidXJsIjoiaHR0cHM6XC9cL2p1YW5icmFuZGluZy5jb21cL3dwLWNvbnRlbnRcL3VwbG9hZHNcLzIwMjNcLzA2XC9yb2RvNC5wbmciLCJzbGlkZXNob3ciOiJkZDRlNmRiIn0%3D\" href='https:\/\/juanbranding.com\/wp-content\/uploads\/2023\/06\/rodo4.png'><img loading=\"lazy\" decoding=\"async\" width=\"600\" height=\"600\" src=\"https:\/\/juanbranding.com\/wp-content\/uploads\/2023\/06\/rodo4.png\" class=\"attachment-full size-full\" alt=\"\" srcset=\"https:\/\/juanbranding.com\/wp-content\/uploads\/2023\/06\/rodo4.png 600w, https:\/\/juanbranding.com\/wp-content\/uploads\/2023\/06\/rodo4-300x300.png 300w, https:\/\/juanbranding.com\/wp-content\/uploads\/2023\/06\/rodo4-150x150.png 150w\" sizes=\"(max-width: 600px) 100vw, 600px\" \/><\/a>\n\t\t\t<\/div><\/figure><figure class='gallery-item'>\n\t\t\t<div class='gallery-icon landscape'>\n\t\t\t\t<a data-elementor-open-lightbox=\"yes\" data-elementor-lightbox-slideshow=\"dd4e6db\" data-elementor-lightbox-title=\"rodo2\" data-e-action-hash=\"#elementor-action%3Aaction%3Dlightbox%26settings%3DeyJpZCI6MTY4OCwidXJsIjoiaHR0cHM6XC9cL2p1YW5icmFuZGluZy5jb21cL3dwLWNvbnRlbnRcL3VwbG9hZHNcLzIwMjNcLzA2XC9yb2RvMi5wbmciLCJzbGlkZXNob3ciOiJkZDRlNmRiIn0%3D\" href='https:\/\/juanbranding.com\/wp-content\/uploads\/2023\/06\/rodo2.png'><img loading=\"lazy\" decoding=\"async\" width=\"600\" height=\"600\" src=\"https:\/\/juanbranding.com\/wp-content\/uploads\/2023\/06\/rodo2.png\" class=\"attachment-full size-full\" alt=\"\" srcset=\"https:\/\/juanbranding.com\/wp-content\/uploads\/2023\/06\/rodo2.png 600w, https:\/\/juanbranding.com\/wp-content\/uploads\/2023\/06\/rodo2-300x300.png 300w, https:\/\/juanbranding.com\/wp-content\/uploads\/2023\/06\/rodo2-150x150.png 150w\" sizes=\"(max-width: 600px) 100vw, 600px\" \/><\/a>\n\t\t\t<\/div><\/figure><figure class='gallery-item'>\n\t\t\t<div class='gallery-icon landscape'>\n\t\t\t\t<a data-elementor-open-lightbox=\"yes\" data-elementor-lightbox-slideshow=\"dd4e6db\" data-elementor-lightbox-title=\"rodo7\" data-e-action-hash=\"#elementor-action%3Aaction%3Dlightbox%26settings%3DeyJpZCI6MTY5MywidXJsIjoiaHR0cHM6XC9cL2p1YW5icmFuZGluZy5jb21cL3dwLWNvbnRlbnRcL3VwbG9hZHNcLzIwMjNcLzA2XC9yb2RvNy5wbmciLCJzbGlkZXNob3ciOiJkZDRlNmRiIn0%3D\" href='https:\/\/juanbranding.com\/wp-content\/uploads\/2023\/06\/rodo7.png'><img loading=\"lazy\" decoding=\"async\" width=\"600\" height=\"600\" src=\"https:\/\/juanbranding.com\/wp-content\/uploads\/2023\/06\/rodo7.png\" class=\"attachment-full size-full\" alt=\"\" srcset=\"https:\/\/juanbranding.com\/wp-content\/uploads\/2023\/06\/rodo7.png 600w, https:\/\/juanbranding.com\/wp-content\/uploads\/2023\/06\/rodo7-300x300.png 300w, https:\/\/juanbranding.com\/wp-content\/uploads\/2023\/06\/rodo7-150x150.png 150w\" sizes=\"(max-width: 600px) 100vw, 600px\" \/><\/a>\n\t\t\t<\/div><\/figure><figure class='gallery-item'>\n\t\t\t<div class='gallery-icon landscape'>\n\t\t\t\t<a data-elementor-open-lightbox=\"yes\" data-elementor-lightbox-slideshow=\"dd4e6db\" data-elementor-lightbox-title=\"rodo8\" data-e-action-hash=\"#elementor-action%3Aaction%3Dlightbox%26settings%3DeyJpZCI6MTY5NCwidXJsIjoiaHR0cHM6XC9cL2p1YW5icmFuZGluZy5jb21cL3dwLWNvbnRlbnRcL3VwbG9hZHNcLzIwMjNcLzA2XC9yb2RvOC5wbmciLCJzbGlkZXNob3ciOiJkZDRlNmRiIn0%3D\" href='https:\/\/juanbranding.com\/wp-content\/uploads\/2023\/06\/rodo8.png'><img loading=\"lazy\" decoding=\"async\" width=\"600\" height=\"600\" src=\"https:\/\/juanbranding.com\/wp-content\/uploads\/2023\/06\/rodo8.png\" class=\"attachment-full size-full\" alt=\"\" srcset=\"https:\/\/juanbranding.com\/wp-content\/uploads\/2023\/06\/rodo8.png 600w, https:\/\/juanbranding.com\/wp-content\/uploads\/2023\/06\/rodo8-300x300.png 300w, https:\/\/juanbranding.com\/wp-content\/uploads\/2023\/06\/rodo8-150x150.png 150w\" sizes=\"(max-width: 600px) 100vw, 600px\" \/><\/a>\n\t\t\t<\/div><\/figure><figure class='gallery-item'>\n\t\t\t<div class='gallery-icon landscape'>\n\t\t\t\t<a data-elementor-open-lightbox=\"yes\" data-elementor-lightbox-slideshow=\"dd4e6db\" data-elementor-lightbox-title=\"rodo3\" data-e-action-hash=\"#elementor-action%3Aaction%3Dlightbox%26settings%3DeyJpZCI6MTY4OSwidXJsIjoiaHR0cHM6XC9cL2p1YW5icmFuZGluZy5jb21cL3dwLWNvbnRlbnRcL3VwbG9hZHNcLzIwMjNcLzA2XC9yb2RvMy5wbmciLCJzbGlkZXNob3ciOiJkZDRlNmRiIn0%3D\" href='https:\/\/juanbranding.com\/wp-content\/uploads\/2023\/06\/rodo3.png'><img loading=\"lazy\" decoding=\"async\" width=\"600\" height=\"600\" src=\"https:\/\/juanbranding.com\/wp-content\/uploads\/2023\/06\/rodo3.png\" class=\"attachment-full size-full\" alt=\"\" srcset=\"https:\/\/juanbranding.com\/wp-content\/uploads\/2023\/06\/rodo3.png 600w, https:\/\/juanbranding.com\/wp-content\/uploads\/2023\/06\/rodo3-300x300.png 300w, https:\/\/juanbranding.com\/wp-content\/uploads\/2023\/06\/rodo3-150x150.png 150w\" sizes=\"(max-width: 600px) 100vw, 600px\" \/><\/a>\n\t\t\t<\/div><\/figure><figure class='gallery-item'>\n\t\t\t<div class='gallery-icon landscape'>\n\t\t\t\t<a data-elementor-open-lightbox=\"yes\" data-elementor-lightbox-slideshow=\"dd4e6db\" data-elementor-lightbox-title=\"rodo5\" data-e-action-hash=\"#elementor-action%3Aaction%3Dlightbox%26settings%3DeyJpZCI6MTY5MSwidXJsIjoiaHR0cHM6XC9cL2p1YW5icmFuZGluZy5jb21cL3dwLWNvbnRlbnRcL3VwbG9hZHNcLzIwMjNcLzA2XC9yb2RvNS5wbmciLCJzbGlkZXNob3ciOiJkZDRlNmRiIn0%3D\" href='https:\/\/juanbranding.com\/wp-content\/uploads\/2023\/06\/rodo5.png'><img loading=\"lazy\" decoding=\"async\" width=\"600\" height=\"600\" src=\"https:\/\/juanbranding.com\/wp-content\/uploads\/2023\/06\/rodo5.png\" class=\"attachment-full size-full\" alt=\"\" srcset=\"https:\/\/juanbranding.com\/wp-content\/uploads\/2023\/06\/rodo5.png 600w, https:\/\/juanbranding.com\/wp-content\/uploads\/2023\/06\/rodo5-300x300.png 300w, https:\/\/juanbranding.com\/wp-content\/uploads\/2023\/06\/rodo5-150x150.png 150w\" sizes=\"(max-width: 600px) 100vw, 600px\" \/><\/a>\n\t\t\t<\/div><\/figure><figure class='gallery-item'>\n\t\t\t<div class='gallery-icon landscape'>\n\t\t\t\t<a data-elementor-open-lightbox=\"yes\" data-elementor-lightbox-slideshow=\"dd4e6db\" data-elementor-lightbox-title=\"rodo6\" data-e-action-hash=\"#elementor-action%3Aaction%3Dlightbox%26settings%3DeyJpZCI6MTY5MiwidXJsIjoiaHR0cHM6XC9cL2p1YW5icmFuZGluZy5jb21cL3dwLWNvbnRlbnRcL3VwbG9hZHNcLzIwMjNcLzA2XC9yb2RvNi5wbmciLCJzbGlkZXNob3ciOiJkZDRlNmRiIn0%3D\" href='https:\/\/juanbranding.com\/wp-content\/uploads\/2023\/06\/rodo6.png'><img loading=\"lazy\" decoding=\"async\" width=\"600\" height=\"600\" src=\"https:\/\/juanbranding.com\/wp-content\/uploads\/2023\/06\/rodo6.png\" class=\"attachment-full size-full\" alt=\"\" srcset=\"https:\/\/juanbranding.com\/wp-content\/uploads\/2023\/06\/rodo6.png 600w, https:\/\/juanbranding.com\/wp-content\/uploads\/2023\/06\/rodo6-300x300.png 300w, https:\/\/juanbranding.com\/wp-content\/uploads\/2023\/06\/rodo6-150x150.png 150w\" sizes=\"(max-width: 600px) 100vw, 600px\" \/><\/a>\n\t\t\t<\/div><\/figure>\n\t\t<\/div>\n\t\t<\/div>\n\t\t\t\t<\/div>\n\t\t\t\t<\/div>\n\t\t\t\t\t<\/div>\n\t\t<\/div>\n\t\t\t\t\t\t\t<\/div>\n\t\t<\/section>\n\t\t\t\t\t\t\t<\/div>\n\t\t","protected":false},"excerpt":{"rendered":"<p>Dise\u00f1o de marca Rodo Game Rodo Game es una marca para un Joven que se dedica al streaming de videojuegos. Para desarrollar el proyecto nos basamos plenamente en un an\u00e1lisis tipol\u00f3gico y de contexto para realizar la marca, en dicho an\u00e1lisis concluimos que adem\u00e1s del logotipo la marca puede contar con un s\u00edmbolo, porque en &hellip;<\/p>\n<p class=\"read-more\"> <a class=\"\" href=\"https:\/\/juanbranding.com\/?page_id=1672\"> <span class=\"screen-reader-text\">Rodo Game<\/span> Read More &raquo;<\/a><\/p>\n","protected":false},"author":1,"featured_media":0,"parent":0,"menu_order":0,"comment_status":"closed","ping_status":"closed","template":"","meta":{"site-sidebar-layout":"no-sidebar","site-content-layout":"page-builder","ast-global-header-display":"","ast-banner-title-visibility":"","ast-main-header-display":"","ast-hfb-above-header-display":"","ast-hfb-below-header-display":"","ast-hfb-mobile-header-display":"","site-post-title":"disabled","ast-breadcrumbs-content":"","ast-featured-img":"disabled","footer-sml-layout":"","theme-transparent-header-meta":"","adv-header-id-meta":"","stick-header-meta":"","header-above-stick-meta":"","header-main-stick-meta":"","header-below-stick-meta":"","footnotes":""},"class_list":["post-1672","page","type-page","status-publish","hentry"],"_links":{"self":[{"href":"https:\/\/juanbranding.com\/index.php?rest_route=\/wp\/v2\/pages\/1672"}],"collection":[{"href":"https:\/\/juanbranding.com\/index.php?rest_route=\/wp\/v2\/pages"}],"about":[{"href":"https:\/\/juanbranding.com\/index.php?rest_route=\/wp\/v2\/types\/page"}],"author":[{"embeddable":true,"href":"https:\/\/juanbranding.com\/index.php?rest_route=\/wp\/v2\/users\/1"}],"replies":[{"embeddable":true,"href":"https:\/\/juanbranding.com\/index.php?rest_route=%2Fwp%2Fv2%2Fcomments&post=1672"}],"version-history":[{"count":10,"href":"https:\/\/juanbranding.com\/index.php?rest_route=\/wp\/v2\/pages\/1672\/revisions"}],"predecessor-version":[{"id":1704,"href":"https:\/\/juanbranding.com\/index.php?rest_route=\/wp\/v2\/pages\/1672\/revisions\/1704"}],"wp:attachment":[{"href":"https:\/\/juanbranding.com\/index.php?rest_route=%2Fwp%2Fv2%2Fmedia&parent=1672"}],"curies":[{"name":"wp","href":"https:\/\/api.w.org\/{rel}","templated":true}]}}